5*n**4/24 - 5*n**3/2 - n**2. Let y be q(d). What is the highest common divisor of y and 15?
15
Let l(j) = 4*j + 42. Let c be l(-8). Calculate the highest common divisor of c and 490.
10
Let o(y) = -13*y + 2. Let g be o(-1). What is the highest common divisor of g and 75?
15
Let w = 1046 - 190. What is the highest common factor of 8 and w?
8
Let u = 17 - 13. Suppose 4*l = -5*i + 125, -i + 20 = l + u*i. Suppose 3*z - 20 = -z. What is the highest common factor of l and z?
5
Suppose 5*z + 7*x - 12*x = 835, 338 = 2*z - 4*x. Calculate the highest common divisor of z and 110.
55
Suppose 47*p = 44*p + 9. Calculate the highest common divisor of p and 96.
3
Let n(h) = -h**3 + 2*h**2 + 2*h + 6. Let b be n(3). Suppose -4*r = -b*w - 19, 15 = 5*r - 0*w - 2*w. What is the greatest common factor of r and 8?
1
Suppose -4*v + v + q - 1 = 0, -4*v = 3*q + 10. Let o = 184 + -185. Let z be (9 + v)/(3 + o). Calculate the greatest common factor of 36 and z.
4
Let x = 8 + -5. Suppose 90 = x*u + 2*m, -4*u = -9*u - 5*m + 150. Let k(q) = -q**2 - 10*q - 9. Let j be k(-7). What is the highest common divisor of u and j?
6
Suppose -127*o - 42 = -124*o. Let v = o - -107. What is the greatest common factor of v and 31?
31
Let f(b) = 6*b - 38. Let u be f(11). Calculate the greatest common divisor of u and 44.
4
Suppose 0 = -18*p + 513 - 135. What is the greatest common factor of p and 77?
7
Let w = 5 - -11. Calculate the highest common divisor of w and 432.
16
Let m = 1574 + -501. Calculate the greatest common divisor of 37 and m.
37
Let p(v) = 5*v**3 - 2*v**2 - v - 1. Let g be p(2). Let i be (-1)/((-12)/2436 - 0). What is the greatest common factor of i and g?
29
Let n be -1 + -4 + 2 - -9. Let h(u) = 88*u - 4. Let f be h(-3). Let d be 6/15 + f/(-5). Calculate the highest common divisor of n and d.
6
Let j = 1102 - 1090. Let t be (2/(-3))/((-4)/24). Let q = t + -2. What is the highest common factor of q and j?
2
Suppose -o + 238 = -5*d, -o + 0*o + 256 = d. What is the greatest common divisor of 23 and o?
23
Let d = 87 + -88. Let h be (-16)/20 + d*(-109)/5. What is the highest common factor of h and 357?
21
Suppose 0 = -4*i + 20, -2*z + 6*z - 233 = -i. Let b = -54 + z. What is the highest common factor of b and 15?
3
Let y(k) be the third derivative of 7*k**4/24 - 17*k**3/6 + 38*k**2. Let v be y(4). Calculate the highest common divisor of v and 11.
11
Let s(h) = 4*h**2 + 3*h. Let y = 61 - 70. Let r be s(y). What is the highest common divisor of 27 and r?
27
Let q = -771 - -793. Let m be (-16)/(-6) - 1/(-3). Let p be -2 + 59 - (m + -1). Calculate the highest common factor of q and p.
11
Let b = -1707 - -2778. What is the highest common divisor of 51 and b?
51
Suppose -26 = -4*b - y + 25, -27 = -3*b + 3*y. Suppose -192 = w - 3*w. Suppose i + w = 3*i. Calculate the greatest common factor of i and b.
12
Let n(q) = -49*q - 2. Suppose 2*r = -5*z, 2*z - z + 12 = 2*r. Let k be n(z). What is the greatest common factor of 12 and k?
12
Let r(q) = -q**3 + 10*q**2 + 12*q - 6. Let n be r(11). Let w be ((-2)/n)/(-1*4/240). Calculate the greatest common divisor of 32 and w.
8
Suppose 10*v - 233 = 1097. What is the greatest common factor of v and 171?
19
Suppose -5*o + 0*u = 3*u - 123, -4*o + 100 = 4*u. What is the highest common factor of o and 348?
12
Suppose 2*o + 5*o - 70 = 0. Let m(q) = q**2 - 9*q - 8. Let z be m(o). What is the greatest common divisor of 2 and z?
2
Let c(u) = 6*u**2 + 4*u**2 + 4*u**2 - 9 - 2*u**2 - u**3 + u. Let x be c(12). What is the highest common factor of x and 1?
1
Let u be ((-300)/(-18))/(1/(-6)). Let i = -96 - u. Calculate the greatest common divisor of 16 and i.
4
Let g = 12 + 2. Suppose 5*c - 17 = -2. Suppose 0 - 2 = -4*j - 3*m, -c*j + 2*m + 10 = 0. What is the greatest common factor of g and j?
2
Let g = -847 + 868. Let x be 4/6 - (-5)/(-3). Let w be 1 + (x - -2 - -5). Calculate the highest common divisor of g and w.
7
Suppose l = 4*r - 45, 4 - 23 = -2*r - 3*l. Suppose -3*w + 15 - 6 = 5*q, -q = w - 3. Suppose w*y + 0*y = 231. Calculate the highest common divisor of r and y.
11
Let q(c) = -1 - 4*c**3 + 2*c**3 - 1 - 2*c**2. Let p be q(-2). Suppose 533 - 65 = 26*k. Calculate the greatest common divisor of p and k.
6
Let j(p) = 380*p**2 + 7*p - 12. Let f be j(4). Let t be f/78 - (-2 - (-28)/13). What is the greatest common divisor of 117 and t?
39
Suppose -177 = -4*g - 49. Calculate the greatest common factor of g and 184.
8
Let v be (0 - 4)/(8/16). Let c be 60/v*(-18)/5. What is the highest common divisor of 9 and c?
9
Let q(b) = -b + 33. Let p be q(28). Suppose -31 = -p*t + 79. Calculate the highest common divisor of 77 and t.
11
Suppose 0 = 5*k - 844 + 184. Let m be (-2)/7 - k/(-21). What is the highest common divisor of 4 and m?
2
Let w(d) = -2*d**3 + 15*d**2 + 16*d - 36. Let x be w(8). Suppose 0 = 2*l - 0*l - 4*y - 380, -5*y + 15 = 0. What is the highest common divisor of x and l?
28
Suppose 8*j - 26 = 38. Let z = -6 + 19. Let m = j + z. Calculate the greatest common divisor of m and 3.
3
Let i(g) = 11*g**2 + g + 25. Let n(v) = -5*v**2 - v - 12. Let p(j) = 6*i(j) + 13*n(j). Let r be p(9). What is the highest common factor of r and 18?
6
Let f = 5 - 3. Let p = f + 18. Let o(c) = -c**3 + 10*c**2 - 7. Let q be o(7). What is the greatest common factor of p and q?
20
Suppose 0 = -95*w + 93*w + 130. What is the highest common factor of 325 and w?
65
Suppose 19 - 79 = -4*w. Suppose v = -14*v + w. Calculate the greatest common divisor of v and 5.
1
Let u be ((-4134)/(-104))/((-1)/(-8)). What is the highest common divisor of 30 and u?
6
Let u(c) = 10*c**2 + 6*c - 6. Let r be u(4). Let m = r - 165. What is the greatest common factor of m and 39?
13
Let b(c) = -7 - 6*c**3 - 23*c - c**3 + 2*c**2 + 8*c**3 + 2*c. Let f be b(-5). What is the greatest common divisor of 161 and f?
23
Let m be (-105)/(-25) + 8/10. Suppose -m*a + 106 = -29. What is the greatest common divisor of 108 and a?
27
Suppose 40 = 4*m - 400. What is the greatest common divisor of 55 and m?
55
Let k(m) = 15*m - 447. Let o be k(35). Calculate the highest common divisor of o and 1131.
39
Suppose 3*a = -0*a + 1551. Calculate the greatest common factor of 47 and a.
47
Let j(o) = 2*o**2 + 4*o - 14. Let g be j(6). Suppose 0 = 2*s - g - 138. What is the highest common factor of s and 10?
10
Let h(l) = -8*l + 112. Let j be h(9). Calculate the highest common factor of j and 70.
10
Let w(o) = -o**3 + 19*o**2 - 15*o - 19. Let q be w(18). Let h = q - 9. What is the greatest common divisor of 39 and h?
13
Let b be 1 - 2 - -6*1. Suppose -b*i = 3*z + 1, 0 = -5*z - 0*z - 10. Suppose 0 = -13*d + 8*d + 10. Calculate the highest common factor of d and i.
1
Suppose i = -3*i + 8. Suppose -5 = -i*u - 3*u. Let t be 1 + u - 2/(-2). Calculate the highest common divisor of 27 and t.
3
Let b = -29 - -15. Let k(n) = -n**2 - 15*n - 8. Let r be k(b). Let v be 375/9 - (-2)/6. What is the highest common divisor of r and v?
6
Suppose 0*n - 3*n = -2*u - 990, 3*n - 990 = -3*u. Calculate the greatest common divisor of n and 33.
33
Let k be (-20)/(-6)*60*13/325. Let d be -1 + (0 - 5)*-1. What is the highest common divisor of k and d?
4
Suppose -9*z = 40 - 355. What is the highest common divisor of 805 and z?
35
Suppose -4*o + 7*o = 15. Suppose -4*x = -3 - o. Suppose -3*p + 37 = -5. Calculate the greatest common factor of p and x.
2
Suppose 60*h - 2584 = 52*h. Calculate the highest common factor of h and 17.
17
Let d = -1641 + 952. Let m = d + 977. Calculate the highest common divisor of 36 and m.
36
Suppose -w - 3 = 0, -g - 11*w + 10*w + 39 = 0. What is the highest common factor of g and 132?
6
Let z = 365 - 1180. Let g be 6 + z/(-4) + 1/4. What is the greatest common factor of g and 84?
42
Let u(d) = 7*d**2 - 8*d + 13. Let f be u(3). Calculate the greatest common factor of f and 156.
52
Let z(n) = -83*n + 1. Let c be z(-1). Let o = 27 + -20. Let l = o + 5. Calculate the highest common divisor of c and l.
12
Suppose -k - 2 - 1 = 0. Let w(v) = -2*v**3 + 21*v**2 - 11*v - 6. Let x be w(10). Let l be k - x/(3 - -1). What is the highest common factor of l and 1?
1
Suppose -5*l - 16 = k, 4*k + 3*l - 17 - 21 = 0. Suppose -8 = -2*s + 76. What is the greatest common divisor of s and k?
14
Let d(z) = z**3 + 34*z**2 - 33*z + 103. Let o be d(-35). C